 p = -17*o. What is the tens digit of o?
7
Suppose 4*y - 4*o = 24908, -9*o + 14*o + 25 = 0. What is the tens digit of y?
2
What is the tens digit of ((-53968)/(-112))/((-3)/(-21))?
7
Let i(g) = 3*g. Let a be 3 + (1 - (-2 + 3)). Suppose -30 = -6*m + a*m. What is the tens digit of i(m)?
3
Let x = -271 + 709. What is the hundreds digit of x?
4
Let d be 6/21 - (-200)/35. Suppose 5*p - 11 = -3*s, -7*s = -d*s - 2. Let a = p + 19. What is the units digit of a?
0
Let r = -2230 - -5427. What is the hundreds digit of r?
1
Let n(b) = -3*b - 1. Let m be n(1). Let t be 40/22 - m/22. Suppose 0 = 5*q + 5*y - 30, -q - q = -t*y - 20. What is the units digit of q?
8
Let c(o) = -2*o**2 + 19*o - 9. Let y be c(8). Let s(z) = z**2 - y + 3*z**2 + 0*z**2 - 4*z - 3*z**2. What is the units digit of s(-6)?
5
Let q(i) = -2*i - 12. Suppose 4*w - 157 = 5*d, -3*w = 3*d + w + 75. Let p = d + 18. What is the tens digit of q(p)?
1
Suppose g + 4 = 2*g. Suppose h = g*h. Suppose -3*q - 2*q + 105 = h. What is the tens digit of q?
2
Suppose -6*d = 4*t - 5*d - 15247, 2*d + 7616 = 2*t. What is the thousands digit of t?
3
Let h be (-2)/11 - 184/(-44). Suppose -2*c + h*f = 1356, -4*f = c + 3*c + 2712. What is the units digit of c/(-14) - 15/35?
8
What is the units digit of 93*((-12)/(-4) + 6/3)?
5
Let k(r) = r**3 + 7*r**2 - 8*r. Let j be k(-8). Suppose j = 2*s - 79 - 15. What is the units digit of s?
7
Let l(q) = 612*q - 7. What is the tens digit of l(3)?
2
Let k = -364 - -857. What is the units digit of k?
3
Let v(b) = 6*b**2 + b + 2. Let y be v(-1). Suppose 0 = y*j - 16*j + 468. What is the units digit of j?
2
Let s(r) be the first derivative of -3*r - 3 - 1/3*r**3 - 5/2*r**2. What is the units digit of s(-3)?
3
Suppose -2*p + 14 = -4*t, -3*p + 5 + 0 = 2*t. Suppose 2*c - 4*l - 36 = 0, -p*c + 2*l = 6*l - 44. What is the units digit of c?
6
Let a = -368 + 748. Suppose w = 5*w - a. What is the units digit of w?
5
Suppose -7*r + 379 = 3*d - 8*r, 373 = 3*d - 4*r. What is the units digit of d?
7
Let s(r) = -2*r**3 - 3*r**2 - r - 1. Let t be s(-2). Suppose 0 = t*k - 70 - 165. What is the tens digit of k?
4
Let j(n) = n**3 - 7*n**2 + n - 13. Let t be j(6). Let v = t + 57. What is the units digit of v?
4
Let g(u) = u**3 + 13*u**2 + 13*u + 8. Let h be g(-12). Let m be (110/(-20))/((-1)/h). What is the units digit of (7 + -4)/((-3)/m)?
2
Let o(d) = 46*d - 66. What is the units digit of o(7)?
6
Let c be -5 - -1 - -4 - 0. Suppose 4*m + 16 = c, 0 = 2*o + o + 3*m - 78. What is the units digit of o?
0
Let m = 3785 - 2035. What is the thousands digit of m?
1
Let z(w) be the second derivative of w**4/12 - 5*w**3/3 + w**2/2 - 12*w. Let m = 9 - -4. What is the units digit of z(m)?
0
Suppose 8*a - 1409 = 2383. What is the units digit of a?
4
Suppose 5*u = -2*c + 6*c - 33, 0 = 5*c - 4*u - 48. Let f = -11 + c. What is the units digit of f?
1
Let t be ((-2)/(-1))/((-2)/(-3)). Suppose -t*a = 2*a + 2*l + 66, a + 12 = -l. Let j = a + 20. What is the units digit of j?
6
Suppose 3*u = 1287 + 4848. What is the thousands digit of u?
2
Suppose 381 = -190*k + 191*k. What is the hundreds digit of k?
3
Let z = -790 - -1341. What is the tens digit of z?
5
Let h = -22 + 15. What is the units digit of h/(35/(-300)) - -3?
3
Let f(x) be the third derivative of x**6/120 - x**5/6 + x**4/24 - x**3/2 - 7*x**2. Let k be f(10). What is the tens digit of k + (1 - 4) - -41?
4
Suppose 798 = -6*a + 2094. Let s = a - 107. What is the units digit of s?
9
Let j = 90 + -92. Let c = 10 + -9. What is the tens digit of 66 + (j + c - -4)?
6
Let n(p) = -8*p**3 - 32*p**2 - 5*p + 5. What is the tens digit of n(-6)?
1
Let r be 4/26 - (-5 - 1160/(-104)). What is the units digit of r + (-7800)/(-55) - 2/(-11)?
6
Suppose 0 = 67*p - 69*p - 5*v + 1871, 4*p + 2*v = 3734. What is the hundreds digit of p?
9
Let j(w) = w**3 - 36*w**2 - 15*w + 6. What is the tens digit of j(38)?
2
Let b(s) = 58*s**2 + 22*s - 63. What is the units digit of b(3)?
5
Let g(y) = -5*y**3 + 24*y**2 + 21*y + 12. Let u(f) = -f**3 + 6*f**2 + 5*f + 3. Let v(b) = 2*g(b) - 9*u(b). What is the units digit of v(-7)?
7
Let c(q) = q**3 - 2*q**2 - 3*q + 3. Let p be c(3). Suppose 0 = -p*a + 14*a - 2508. What is the tens digit of a?
2
Let l be (10/25)/(3/(-75)). What is the units digit of (-12)/(-30) + (-256)/l?
6
Let r be (-11 - -24)*(0 - 1). Let f = 73 + r. What is the units digit of f?
0
Suppose -25*z + 24*z + 9 = 0. Let p(s) = s**2 + 12*s - 5. Let m(i) = -4*i**2 - 35*i + 14. Let w(l) = 2*m(l) + 7*p(l). What is the tens digit of w(z)?
3
Let k(q) = 11*q**2 - 18*q**2 - q - 2*q + 24 + 7*q + q**3. Let h(g) = -4*g**3 + 27*g**2 - 17*g - 97. Let w(p) = 2*h(p) + 9*k(p). What is the units digit of w(9)?
0
Let x(n) be the third derivative of 0*n**4 + 19/3*n**3 + 0 + 0*n - 4*n**2 - 1/60*n**5. What is the units digit of x(0)?
8
Suppose 2*m + 5 = 2*p + 1, -30 = -3*p - 5*m. Suppose 0 = p*x + 33 + 7. What is the units digit of x/(-6)*(-9)/(-6)?
2
Let s(b) = -b**3 + 7*b**2 + 7*b + 15. What is the tens digit of s(7)?
6
Let o be 25/8 - (-10)/(-80). Suppose 0 = -4*d - 4*z + 24, 5*d = -o*z - 0*z + 22. Suppose 2*y + f = 28 + 48, d*f - 35 = -y. What is the tens digit of y?
3
Suppose 31*w - 16*w - 18540 = 0. What is the units digit of w?
6
Let v(b) = -2138*b - 33. What is the units digit of v(-1)?
5
Suppose 490 = -10*a + 8*a. What is the units digit of (a/10 - -4)*(-6 - 0)?
3
Suppose -8 = -y + d, y = -3*y - d + 22. Let c(l) = -3*l**2 - 9*l**2 - 8 + 13*l + 11*l**2. What is the units digit of c(y)?
4
What is the tens digit of ((-1)/1*167)/(2/(-12))?
0
Let k be (2/3)/(((-10)/12)/(-5)). Suppose 0*b = -b - 4*m + 140, -500 = -k*b - 4*m. What is the units digit of b?
0
Let a = 276 - 137. What is the units digit of a?
9
Let y be -1 + (3 - (0 + 1)). Let c be (65 - -7) + (y - -1). Suppose 0 = -b - 5*o + 13, -2*b - o + c = -3*o. What is the tens digit of b?
3
Let i(n) = 2*n**2 - 5*n. Let j be i(6). Suppose y - 315 = -5*h, 3*y + j = h - 5. What is the units digit of h?
2
Suppose -51*l = -52*l + 460. What is the units digit of l?
0
What is the units digit of 2 + (-1 - 2) + 1175 + 50?
4
Suppose 3*p - 4 = 5*p, -p = -3*h - 19. Let b = 10 - 30. Let v = h - b. What is the units digit of v?
3
Let u = 3 + -13. Let i = u - -13. Let s(v) = 4*v + 7. What is the tens digit of s(i)?
1
Let r = -23 - -16. Let i(h) = -h**2 + h + 9. Let z be i(r). Let o = -7 - z. What is the tens digit of o?
4
Suppose 40*s - 52171 = 11*s. What is the thousands digit of s?
1
Suppose 4*h = -4*l, -3*l + 0*l = 15. Suppose 3*s - 21 = u - h*u, s - 5*u = -12. What is the units digit of s?
3
Suppose -2*v = 2*z + 8 + 2, v - 1 = z. Let d be 0/(v + (-4)/(-1)). Suppose -a + 2*a - 34 = d. What is the units digit of a?
4
Suppose 62 = -2*k + 178. What is the units digit of k + 7 + (0 - 4)?
1
Let w(r) = 61*r - 11. Let o be w(5). Suppose -3*l = -5*j + 361, -5*j + 5*l = -j - o. What is the tens digit of j?
7
Let v = -7 + 9. Suppose v*g = -3*j + 86, 4*j = 2*j + 5*g + 51. Suppose -j = -s - 2*q, -4*q + 76 = 3*s - 0*s. What is the units digit of s?
0
Let k(c) = c**3 - 16*c**2 + c - 44. What is the units digit of k(19)?
8
Suppose 46*k - 181 = 233. What is the units digit of k?
9
Suppose 30570 = -8*p + 38*p. What is the tens digit of p?
1
Let j = 1259 + -885. What is the tens digit of j?
7
Let s(w) = 27*w**3 - w**2 - w - 1. Let g be s(-1). What is the units digit of (21/g)/(2/(-136))?
1
Let k be (-3)/(-3 + -3)*(-6 + 6). Suppose -2*l - 3*l + 20 = k, 2*r - 5*l = 114. What is the tens digit of r?
6
Let l be (6/15)/(6*2/30). What is the tens digit of 341/4 + l + (-4)/16?
8
What is the hundreds digit of (-93)/(2/6 - 2/4)?
5
Suppose -4*m - m = 2*x - 5425, -3*x + 8126 = -4*m. What is the thousands digit of x?
2
Let c be -3*(-6)/4*12. Suppose -c = -13*u + 10*u. What is the units digit of u?
8
Let c be 13*(6/(-2))/(-3). What is the tens digit of 16/(2/c - 0)?
0
Let f = 37 - -481. What is the tens digit of f?
1
Let u(b) = 35*b - 2. Let w be u(2). Suppose 0*t + t - w = 0. What is the units digit of t?
8
What is the units digit of (4 - 10172/12)*45/(-15)?
1
Let s(l) = 0*l**2 + 1 - 18*l - 3 + 13*l - l**2. Let q be s(-4). Suppose 0 = b - 6*b, -q*b + 66 = 2*o. What is the tens digit of o?
3
Let b(g) = -5*g + 7 + g**2 - 11*g + 13*g + 2*g**2. What is the units digit of b(3)?
5
Let k(l) = 11